{"id":4930,"date":"2025-11-16T19:50:43","date_gmt":"2025-11-16T18:50:43","guid":{"rendered":"https:\/\/mandarinoart.pl\/?post_type=product&#038;p=4930"},"modified":"2026-02-23T18:52:42","modified_gmt":"2026-02-23T17:52:42","slug":"box-swiateczny-nr-3","status":"publish","type":"product","link":"https:\/\/mandarinoart.pl\/index.php\/produkt\/box-swiateczny-nr-3\/","title":{"rendered":"BOX \u015aWI\u0104TECZNY NR 3"},"content":{"rendered":"<h2><a href=\"https:\/\/mandarinoart.pl\/index.php\/kategoria-produktu\/swiece-sojowe\/zestawy-na-prezent\/\"><img fetchpriority=\"high\" decoding=\"async\" class=\"wp-image-4874 aligncenter\" src=\"https:\/\/mandarinoart.pl\/wp-content\/uploads\/2025\/11\/CHRISTMAS-1-300x134.png\" alt=\"\" width=\"622\" height=\"278\" srcset=\"https:\/\/mandarinoart.pl\/wp-content\/uploads\/2025\/11\/CHRISTMAS-1-300x134.png 300w, https:\/\/mandarinoart.pl\/wp-content\/uploads\/2025\/11\/CHRISTMAS-1-1024x459.png 1024w, https:\/\/mandarinoart.pl\/wp-content\/uploads\/2025\/11\/CHRISTMAS-1-768x344.png 768w, https:\/\/mandarinoart.pl\/wp-content\/uploads\/2025\/11\/CHRISTMAS-1-600x269.png 600w, https:\/\/mandarinoart.pl\/wp-content\/uploads\/2025\/11\/CHRISTMAS-1.png 1340w\" sizes=\"(max-width: 622px) 100vw, 622px\" \/><\/a><\/h2>\n<h2 style=\"text-align: center;\"><span style=\"color: #ad8910;\">Poznaj wyj\u0105tkowe \u015awi\u0105teczne \u015awiece<\/span><\/h2>\n<p style=\"text-align: center;\"><span style=\"color: #ad8910;\"><em>by Mandarino Art Decor<\/em><\/span><\/p>\n<p>Szukasz pi\u0119knego, oryginalnego prezentu?<\/p>\n<p>Nasze r\u0119czne robione \u015bwiece sojowe zachwyc\u0105 uroczymi dekoracjami inspirowanymi bo\u017conarodzeniowymi tradycjami. W naszej ofercie \u015bwi\u0105tecznej znajdziesz:<\/p>\n<ul>\n<li>boxy prezentowe<\/li>\n<li>pi\u0119kne \u015bwiece w szkle<\/li>\n<li>ma\u0142e \u015bwiece jako podarunki dla Bliskich, Klient\u00f3w, Pracownik\u00f3w<\/li>\n<\/ul>\n<p>Czas realizacji wynosi do 14 dni roboczych ze wzgl\u0119du na r\u0119czne wykonanie oraz unikalny charakter produktu.<\/p>\n<p><strong>Spraw, aby te \u015awi\u0119ta by\u0142y radosne i pe\u0142ne magii \u2665<\/strong><\/p>\n<p>&nbsp;<\/p>\n<hr \/>\n<h2 style=\"text-align: center;\"><span style=\"color: #bfb606;\">Jak zam\u00f3wi\u0107 \u015bwiece na podzi\u0119kowania ?<\/span><\/h2>\n<p style=\"text-align: center;\">\u221a <em><span style=\"color: #993300;\">Wybierz<\/span> <\/em>zapach \u015bwiec.<\/p>\n<p style=\"text-align: center;\">\u221a <span style=\"color: #993300;\"><em>Wybierz<\/em><\/span> elementy dekoracyjne: <em>KOLOR WST\u0104\u017bKI \/ KOKARDY<\/em> oraz stw\u00f3rz w pe\u0142ni peronalizowane zawieszki<\/p>\n<p style=\"text-align: center;\">(w <em>polu &#8222;NAPIS NA ZAWIESZCE&#8221;<\/em>: <span style=\"color: #993300;\">Podaj IMI\u0118<\/span>, kt\u00f3re umie\u015bcimy na zwieszce oraz <span style=\"color: #993300;\">DAT\u0118 UROCZYSTO\u015aCI<\/span>)<\/p>\n<p style=\"text-align: center;\"><span style=\"color: #993300;\"><em>\u221a Dodaj do koszyka<\/em><\/span> (1 sztuka &#8211; 1\u00a0 \u015bwieczka) i przejd\u017a do zakupu.<\/p>\n<hr \/>\n<h2 style=\"text-align: center;\"><span style=\"color: #bfb606;\"><strong>Dlaczego warto wybra\u0107 \u015bwiece sojowe Mandarino ART DECOR?<\/strong><\/span><\/h2>\n<p>&nbsp;<\/p>\n<ul>\n<li><strong>U\u017cywamy wysokiej jako\u015bci sk\u0142adnik\u00f3w:<\/strong> 100% wosk sojowy pochodzenia ro\u015blinnego, eco barwniki bez paraben\u00f3w zgodne z normami REACH, wysokiej jako\u015bci olejki zapachowe z certyfikatem IFRA.<\/li>\n<li><strong>Wykonanie HANDMADE:<\/strong>\u00a0 \u015awiece tworzymy r\u0119cznie z niezwyk\u0142\u0105 staranno\u015bci\u0105, dbaj\u0105c o ka\u017cdy detal.<\/li>\n<li><strong>Szeroki wyb\u00f3r zapach\u00f3w<\/strong>: Dost\u0119pnych jest 8 r\u00f3\u017cnych zapach\u00f3w do wyboru.<\/li>\n<li><strong>Nasze \u015bwiece charakteryzuje wyj\u0105tkowy DESIGN:<\/strong> Kwiatowe dekoracje, z\u0142ote dodatki.<\/li>\n<\/ul>\n<p><img decoding=\"async\" class=\"wp-image-1084 aligncenter\" src=\"https:\/\/mandarinoart.pl\/wp-content\/uploads\/2025\/03\/DM1-300x111.png\" alt=\"\" width=\"427\" height=\"158\" srcset=\"https:\/\/mandarinoart.pl\/wp-content\/uploads\/2025\/03\/DM1-300x111.png 300w, https:\/\/mandarinoart.pl\/wp-content\/uploads\/2025\/03\/DM1-768x284.png 768w, https:\/\/mandarinoart.pl\/wp-content\/uploads\/2025\/03\/DM1-600x222.png 600w, https:\/\/mandarinoart.pl\/wp-content\/uploads\/2025\/03\/DM1.png 851w\" sizes=\"(max-width: 427px) 100vw, 427px\" \/><\/p>\n<hr \/>\n<div><\/div>\n","protected":false},"excerpt":{"rendered":"<p>Nie masz pomys\u0142u na gotowy prezent? \u2665<\/p>\n<p>Po prostu wybierz sw\u00f3j ulubiony BOX PREZENTOWY i podaruj go &#8211; box gotowy do wr\u0119czenia ! Pi\u0119kne detale, zdobienia \u015bwiec, akcenty bo\u017conarodzeniowe zachwyc\u0105 wygl\u0105dem Twoich Bliskich, Go\u015bci, Klient\u00f3w. \u015awiece wykonane w 100%\u00a0 z wosku sojowego.<\/p>\n<h3 style=\"text-align: center;\">Najpi\u0119kniejsze prezenty &#8211; s\u0105 te spersonalizowane&#8230; i od serca!<\/h3>\n<p>&nbsp;<\/p>\n<p><strong>SK\u0141AD BOXA :<\/strong><\/p>\n<ul>\n<li>\u015awieca Anio\u0142ek z kokard\u0105 (9,5 x 7 cm)<\/li>\n<li>\u015awieca Miko\u0142aj ze zdobieniami ( H: 9,5 cm)<\/li>\n<li>Zapach zestawu: Jab\u0142ko &amp; Cynamon lub Piernik<\/li>\n<\/ul>\n<p><span style=\"color: #c2964c;\"><strong>WA\u017bNE: CZAS REALIZACJI to ok 14 dni<\/strong><\/span><\/p>\n<p><strong><span style=\"color: #ba9011;\">Opcjonalnie mo\u017cesz umie\u015bci\u0107 napis \/ \u017cyczenia na zawieszce. <\/span><\/strong><\/p>\n<p><strong><span style=\"color: #ba9011;\">Dost\u0119pne inne boxy:<\/span><\/strong><\/p>\n<p><a href=\"https:\/\/mandarinoart.pl\/index.php\/produkt\/box-swiateczny-1\/\"><img decoding=\"async\" class=\"alignnone  wp-image-4909\" src=\"https:\/\/mandarinoart.pl\/wp-content\/uploads\/2025\/11\/20251116_185154-202x300.jpg\" alt=\"\" width=\"184\" height=\"273\" srcset=\"https:\/\/mandarinoart.pl\/wp-content\/uploads\/2025\/11\/20251116_185154-202x300.jpg 202w, https:\/\/mandarinoart.pl\/wp-content\/uploads\/2025\/11\/20251116_185154-690x1024.jpg 690w, https:\/\/mandarinoart.pl\/wp-content\/uploads\/2025\/11\/20251116_185154-768x1140.jpg 768w, https:\/\/mandarinoart.pl\/wp-content\/uploads\/2025\/11\/20251116_185154-1034x1536.jpg 1034w, https:\/\/mandarinoart.pl\/wp-content\/uploads\/2025\/11\/20251116_185154-1379x2048.jpg 1379w, https:\/\/mandarinoart.pl\/wp-content\/uploads\/2025\/11\/20251116_185154-600x891.jpg 600w, https:\/\/mandarinoart.pl\/wp-content\/uploads\/2025\/11\/20251116_185154-scaled.jpg 1724w\" sizes=\"(max-width: 184px) 100vw, 184px\" \/><\/a><a href=\"https:\/\/mandarinoart.pl\/index.php\/produkt\/box-swiateczny\/\"><img loading=\"lazy\" decoding=\"async\" class=\"alignnone  wp-image-4907\" src=\"https:\/\/mandarinoart.pl\/wp-content\/uploads\/2025\/11\/20251116_185052-193x300.jpg\" alt=\"\" width=\"176\" height=\"274\" srcset=\"https:\/\/mandarinoart.pl\/wp-content\/uploads\/2025\/11\/20251116_185052-193x300.jpg 193w, https:\/\/mandarinoart.pl\/wp-content\/uploads\/2025\/11\/20251116_185052-657x1024.jpg 657w, https:\/\/mandarinoart.pl\/wp-content\/uploads\/2025\/11\/20251116_185052-768x1196.jpg 768w, https:\/\/mandarinoart.pl\/wp-content\/uploads\/2025\/11\/20251116_185052-986x1536.jpg 986w, https:\/\/mandarinoart.pl\/wp-content\/uploads\/2025\/11\/20251116_185052-1315x2048.jpg 1315w, https:\/\/mandarinoart.pl\/wp-content\/uploads\/2025\/11\/20251116_185052-600x935.jpg 600w, https:\/\/mandarinoart.pl\/wp-content\/uploads\/2025\/11\/20251116_185052-scaled.jpg 1643w\" sizes=\"(max-width: 176px) 100vw, 176px\" \/><\/a><\/p>\n","protected":false},"featured_media":4929,"template":"","meta":{"site-sidebar-layout":"default","site-content-layout":"","ast-site-content-layout":"default","site-content-style":"default","site-sidebar-style":"default","ast-global-header-display":"","ast-banner-title-visibility":"","ast-main-header-display":"","ast-hfb-above-header-display":"","ast-hfb-below-header-display":"","ast-hfb-mobile-header-display":"","site-post-title":"","ast-breadcrumbs-content":"","ast-featured-img":"","footer-sml-layout":"","theme-transparent-header-meta":"default","adv-header-id-meta":"","stick-header-meta":"","header-above-stick-meta":"","header-main-stick-meta":"","header-below-stick-meta":"","astra-migrate-meta-layouts":"set","ast-page-background-enabled":"default","ast-page-background-meta":{"desktop":{"background-color":"var(--ast-global-color-5)","background-image":"","background-repeat":"repeat","background-position":"center center","background-size":"auto","background-attachment":"scroll","background-type":"","background-media":"","overlay-type":"","overlay-color":"","overlay-opacity":"","overlay-gradient":""},"tablet":{"background-color":"","background-image":"","background-repeat":"repeat","background-position":"center center","background-size":"auto","background-attachment":"scroll","background-type":"","background-media":"","overlay-type":"","overlay-color":"","overlay-opacity":"","overlay-gradient":""},"mobile":{"background-color":"","background-image":"","background-repeat":"repeat","background-position":"center center","background-size":"auto","background-attachment":"scroll","background-type":"","background-media":"","overlay-type":"","overlay-color":"","overlay-opacity":"","overlay-gradient":""}},"ast-content-background-meta":{"desktop":{"background-color":"var(--ast-global-color-4)","background-image":"","background-repeat":"repeat","background-position":"center center","background-size":"auto","background-attachment":"scroll","background-type":"","background-media":"","overlay-type":"","overlay-color":"","overlay-opacity":"","overlay-gradient":""},"tablet":{"background-color":"var(--ast-global-color-4)","background-image":"","background-repeat":"repeat","background-position":"center center","background-size":"auto","background-attachment":"scroll","background-type":"","background-media":"","overlay-type":"","overlay-color":"","overlay-opacity":"","overlay-gradient":""},"mobile":{"background-color":"var(--ast-global-color-4)","background-image":"","background-repeat":"repeat","background-position":"center center","background-size":"auto","background-attachment":"scroll","background-type":"","background-media":"","overlay-type":"","overlay-color":"","overlay-opacity":"","overlay-gradient":""}}},"product_brand":[],"product_cat":[50],"product_tag":[190,183,188,191,85,182],"class_list":{"0":"post-4930","1":"product","2":"type-product","3":"status-publish","4":"has-post-thumbnail","6":"product_cat-zestawy-na-prezent","7":"product_tag-box-swiateczny","8":"product_tag-boze-narodzenie","9":"product_tag-piernik","10":"product_tag-swieca-mikolaj","11":"product_tag-swiece-na-podziekowania","12":"product_tag-swiece-swiateczne","13":"desktop-align-left","14":"tablet-align-left","15":"mobile-align-left","17":"first","18":"outofstock","19":"shipping-taxable","20":"purchasable","21":"product-type-variable"},"yoast_head":"<!-- This site is optimized with the Yoast SEO plugin v26.5 - https:\/\/yoast.com\/wordpress\/plugins\/seo\/ -->\n<title>BOX PREZENTOWY \u015aWI\u0104TECZNY<\/title>\n<meta name=\"description\" content=\"Szukasz wyj\u0105tkowych upomink\u00f3w \u015bwi\u0105tecznych? Poznaj nasz\u0105 ofert\u0119 pi\u0119knych BOX PREZENTOWY \u015aWI\u0104TECZNYCH.\" \/>\n<meta name=\"robots\" content=\"index, follow, max-snippet:-1, max-image-preview:large, max-video-preview:-1\" \/>\n<link rel=\"canonical\" href=\"https:\/\/mandarinoart.pl\/index.php\/produkt\/box-swiateczny-nr-3\/\" \/>\n<meta property=\"og:locale\" content=\"pl_PL\" \/>\n<meta property=\"og:type\" content=\"article\" \/>\n<meta property=\"og:title\" content=\"BOX PREZENTOWY \u015aWI\u0104TECZNY\" \/>\n<meta property=\"og:description\" content=\"Szukasz wyj\u0105tkowych upomink\u00f3w \u015bwi\u0105tecznych? Poznaj nasz\u0105 ofert\u0119 pi\u0119knych BOX PREZENTOWY \u015aWI\u0104TECZNYCH.\" \/>\n<meta property=\"og:url\" content=\"https:\/\/mandarinoart.pl\/index.php\/produkt\/box-swiateczny-nr-3\/\" \/>\n<meta property=\"og:site_name\" content=\"Mandarino Art\" \/>\n<meta property=\"article:publisher\" content=\"https:\/\/www.facebook.com\/profile.php?id=61553468730793\" \/>\n<meta property=\"article:modified_time\" content=\"2026-02-23T17:52:42+00:00\" \/>\n<meta property=\"og:image\" content=\"https:\/\/mandarinoart.pl\/wp-content\/uploads\/2025\/11\/20251116_194838-scaled.jpg\" \/>\n\t<meta property=\"og:image:width\" content=\"1680\" \/>\n\t<meta property=\"og:image:height\" content=\"2560\" \/>\n\t<meta property=\"og:image:type\" content=\"image\/jpeg\" \/>\n<meta name=\"twitter:card\" content=\"summary_large_image\" \/>\n<meta name=\"twitter:label1\" content=\"Szacowany czas czytania\" \/>\n\t<meta name=\"twitter:data1\" content=\"2 minuty\" \/>\n<script type=\"application\/ld+json\" class=\"yoast-schema-graph\">{\"@context\":\"https:\/\/schema.org\",\"@graph\":[{\"@type\":\"WebPage\",\"@id\":\"https:\/\/mandarinoart.pl\/index.php\/produkt\/box-swiateczny-nr-3\/\",\"url\":\"https:\/\/mandarinoart.pl\/index.php\/produkt\/box-swiateczny-nr-3\/\",\"name\":\"BOX PREZENTOWY \u015aWI\u0104TECZNY\",\"isPartOf\":{\"@id\":\"https:\/\/mandarinoart.pl\/#website\"},\"primaryImageOfPage\":{\"@id\":\"https:\/\/mandarinoart.pl\/index.php\/produkt\/box-swiateczny-nr-3\/#primaryimage\"},\"image\":{\"@id\":\"https:\/\/mandarinoart.pl\/index.php\/produkt\/box-swiateczny-nr-3\/#primaryimage\"},\"thumbnailUrl\":\"https:\/\/mandarinoart.pl\/wp-content\/uploads\/2025\/11\/20251116_194838-scaled.jpg\",\"datePublished\":\"2025-11-16T18:50:43+00:00\",\"dateModified\":\"2026-02-23T17:52:42+00:00\",\"description\":\"Szukasz wyj\u0105tkowych upomink\u00f3w \u015bwi\u0105tecznych? Poznaj nasz\u0105 ofert\u0119 pi\u0119knych BOX PREZENTOWY \u015aWI\u0104TECZNYCH.\",\"breadcrumb\":{\"@id\":\"https:\/\/mandarinoart.pl\/index.php\/produkt\/box-swiateczny-nr-3\/#breadcrumb\"},\"inLanguage\":\"pl-PL\",\"potentialAction\":[{\"@type\":\"ReadAction\",\"target\":[\"https:\/\/mandarinoart.pl\/index.php\/produkt\/box-swiateczny-nr-3\/\"]}]},{\"@type\":\"ImageObject\",\"inLanguage\":\"pl-PL\",\"@id\":\"https:\/\/mandarinoart.pl\/index.php\/produkt\/box-swiateczny-nr-3\/#primaryimage\",\"url\":\"https:\/\/mandarinoart.pl\/wp-content\/uploads\/2025\/11\/20251116_194838-scaled.jpg\",\"contentUrl\":\"https:\/\/mandarinoart.pl\/wp-content\/uploads\/2025\/11\/20251116_194838-scaled.jpg\",\"width\":1680,\"height\":2560},{\"@type\":\"BreadcrumbList\",\"@id\":\"https:\/\/mandarinoart.pl\/index.php\/produkt\/box-swiateczny-nr-3\/#breadcrumb\",\"itemListElement\":[{\"@type\":\"ListItem\",\"position\":1,\"name\":\"Strona g\u0142\u00f3wna\",\"item\":\"https:\/\/mandarinoart.pl\/\"},{\"@type\":\"ListItem\",\"position\":2,\"name\":\"Sklep\",\"item\":\"https:\/\/mandarinoart.pl\/index.php\/sklep\/\"},{\"@type\":\"ListItem\",\"position\":3,\"name\":\"BOX \u015aWI\u0104TECZNY NR 3\"}]},{\"@type\":\"WebSite\",\"@id\":\"https:\/\/mandarinoart.pl\/#website\",\"url\":\"https:\/\/mandarinoart.pl\/\",\"name\":\"Mandarino Art Decor\",\"description\":\"\",\"publisher\":{\"@id\":\"https:\/\/mandarinoart.pl\/#organization\"},\"potentialAction\":[{\"@type\":\"SearchAction\",\"target\":{\"@type\":\"EntryPoint\",\"urlTemplate\":\"https:\/\/mandarinoart.pl\/?s={search_term_string}\"},\"query-input\":{\"@type\":\"PropertyValueSpecification\",\"valueRequired\":true,\"valueName\":\"search_term_string\"}}],\"inLanguage\":\"pl-PL\"},{\"@type\":\"Organization\",\"@id\":\"https:\/\/mandarinoart.pl\/#organization\",\"name\":\"Mandarino Art Decor\",\"url\":\"https:\/\/mandarinoart.pl\/\",\"logo\":{\"@type\":\"ImageObject\",\"inLanguage\":\"pl-PL\",\"@id\":\"https:\/\/mandarinoart.pl\/#\/schema\/logo\/image\/\",\"url\":\"https:\/\/mandarinoart.pl\/wp-content\/uploads\/2025\/02\/cropped-Logo_transparent.png\",\"contentUrl\":\"https:\/\/mandarinoart.pl\/wp-content\/uploads\/2025\/02\/cropped-Logo_transparent.png\",\"width\":591,\"height\":197,\"caption\":\"Mandarino Art Decor\"},\"image\":{\"@id\":\"https:\/\/mandarinoart.pl\/#\/schema\/logo\/image\/\"},\"sameAs\":[\"https:\/\/www.facebook.com\/profile.php?id=61553468730793\",\"https:\/\/www.instagram.com\/Mandarino_Candle\/?fbclid=IwY2xjawIoRQZleHRuA2FlbQIxMAABHV0lW5lNE7hJxvGNQtw42Ns1dw_Ll4G4YQ9LZaRsOkieykrFA3lNfCyS3g_aem_Nx9Tw7e5op2DlxHJ5Bc5Lg#\"]}]}<\/script>\n<!-- \/ Yoast SEO plugin. -->","yoast_head_json":{"title":"BOX PREZENTOWY \u015aWI\u0104TECZNY","description":"Szukasz wyj\u0105tkowych upomink\u00f3w \u015bwi\u0105tecznych? Poznaj nasz\u0105 ofert\u0119 pi\u0119knych BOX PREZENTOWY \u015aWI\u0104TECZNYCH.","robots":{"index":"index","follow":"follow","max-snippet":"max-snippet:-1","max-image-preview":"max-image-preview:large","max-video-preview":"max-video-preview:-1"},"canonical":"https:\/\/mandarinoart.pl\/index.php\/produkt\/box-swiateczny-nr-3\/","og_locale":"pl_PL","og_type":"article","og_title":"BOX PREZENTOWY \u015aWI\u0104TECZNY","og_description":"Szukasz wyj\u0105tkowych upomink\u00f3w \u015bwi\u0105tecznych? Poznaj nasz\u0105 ofert\u0119 pi\u0119knych BOX PREZENTOWY \u015aWI\u0104TECZNYCH.","og_url":"https:\/\/mandarinoart.pl\/index.php\/produkt\/box-swiateczny-nr-3\/","og_site_name":"Mandarino Art","article_publisher":"https:\/\/www.facebook.com\/profile.php?id=61553468730793","article_modified_time":"2026-02-23T17:52:42+00:00","og_image":[{"width":1680,"height":2560,"url":"https:\/\/mandarinoart.pl\/wp-content\/uploads\/2025\/11\/20251116_194838-scaled.jpg","type":"image\/jpeg"}],"twitter_card":"summary_large_image","twitter_misc":{"Szacowany czas czytania":"2 minuty"},"schema":{"@context":"https:\/\/schema.org","@graph":[{"@type":"WebPage","@id":"https:\/\/mandarinoart.pl\/index.php\/produkt\/box-swiateczny-nr-3\/","url":"https:\/\/mandarinoart.pl\/index.php\/produkt\/box-swiateczny-nr-3\/","name":"BOX PREZENTOWY \u015aWI\u0104TECZNY","isPartOf":{"@id":"https:\/\/mandarinoart.pl\/#website"},"primaryImageOfPage":{"@id":"https:\/\/mandarinoart.pl\/index.php\/produkt\/box-swiateczny-nr-3\/#primaryimage"},"image":{"@id":"https:\/\/mandarinoart.pl\/index.php\/produkt\/box-swiateczny-nr-3\/#primaryimage"},"thumbnailUrl":"https:\/\/mandarinoart.pl\/wp-content\/uploads\/2025\/11\/20251116_194838-scaled.jpg","datePublished":"2025-11-16T18:50:43+00:00","dateModified":"2026-02-23T17:52:42+00:00","description":"Szukasz wyj\u0105tkowych upomink\u00f3w \u015bwi\u0105tecznych? Poznaj nasz\u0105 ofert\u0119 pi\u0119knych BOX PREZENTOWY \u015aWI\u0104TECZNYCH.","breadcrumb":{"@id":"https:\/\/mandarinoart.pl\/index.php\/produkt\/box-swiateczny-nr-3\/#breadcrumb"},"inLanguage":"pl-PL","potentialAction":[{"@type":"ReadAction","target":["https:\/\/mandarinoart.pl\/index.php\/produkt\/box-swiateczny-nr-3\/"]}]},{"@type":"ImageObject","inLanguage":"pl-PL","@id":"https:\/\/mandarinoart.pl\/index.php\/produkt\/box-swiateczny-nr-3\/#primaryimage","url":"https:\/\/mandarinoart.pl\/wp-content\/uploads\/2025\/11\/20251116_194838-scaled.jpg","contentUrl":"https:\/\/mandarinoart.pl\/wp-content\/uploads\/2025\/11\/20251116_194838-scaled.jpg","width":1680,"height":2560},{"@type":"BreadcrumbList","@id":"https:\/\/mandarinoart.pl\/index.php\/produkt\/box-swiateczny-nr-3\/#breadcrumb","itemListElement":[{"@type":"ListItem","position":1,"name":"Strona g\u0142\u00f3wna","item":"https:\/\/mandarinoart.pl\/"},{"@type":"ListItem","position":2,"name":"Sklep","item":"https:\/\/mandarinoart.pl\/index.php\/sklep\/"},{"@type":"ListItem","position":3,"name":"BOX \u015aWI\u0104TECZNY NR 3"}]},{"@type":"WebSite","@id":"https:\/\/mandarinoart.pl\/#website","url":"https:\/\/mandarinoart.pl\/","name":"Mandarino Art Decor","description":"","publisher":{"@id":"https:\/\/mandarinoart.pl\/#organization"},"potentialAction":[{"@type":"SearchAction","target":{"@type":"EntryPoint","urlTemplate":"https:\/\/mandarinoart.pl\/?s={search_term_string}"},"query-input":{"@type":"PropertyValueSpecification","valueRequired":true,"valueName":"search_term_string"}}],"inLanguage":"pl-PL"},{"@type":"Organization","@id":"https:\/\/mandarinoart.pl\/#organization","name":"Mandarino Art Decor","url":"https:\/\/mandarinoart.pl\/","logo":{"@type":"ImageObject","inLanguage":"pl-PL","@id":"https:\/\/mandarinoart.pl\/#\/schema\/logo\/image\/","url":"https:\/\/mandarinoart.pl\/wp-content\/uploads\/2025\/02\/cropped-Logo_transparent.png","contentUrl":"https:\/\/mandarinoart.pl\/wp-content\/uploads\/2025\/02\/cropped-Logo_transparent.png","width":591,"height":197,"caption":"Mandarino Art Decor"},"image":{"@id":"https:\/\/mandarinoart.pl\/#\/schema\/logo\/image\/"},"sameAs":["https:\/\/www.facebook.com\/profile.php?id=61553468730793","https:\/\/www.instagram.com\/Mandarino_Candle\/?fbclid=IwY2xjawIoRQZleHRuA2FlbQIxMAABHV0lW5lNE7hJxvGNQtw42Ns1dw_Ll4G4YQ9LZaRsOkieykrFA3lNfCyS3g_aem_Nx9Tw7e5op2DlxHJ5Bc5Lg#"]}]}},"_links":{"self":[{"href":"https:\/\/mandarinoart.pl\/index.php\/wp-json\/wp\/v2\/product\/4930","targetHints":{"allow":["GET"]}}],"collection":[{"href":"https:\/\/mandarinoart.pl\/index.php\/wp-json\/wp\/v2\/product"}],"about":[{"href":"https:\/\/mandarinoart.pl\/index.php\/wp-json\/wp\/v2\/types\/product"}],"wp:featuredmedia":[{"embeddable":true,"href":"https:\/\/mandarinoart.pl\/index.php\/wp-json\/wp\/v2\/media\/4929"}],"wp:attachment":[{"href":"https:\/\/mandarinoart.pl\/index.php\/wp-json\/wp\/v2\/media?parent=4930"}],"wp:term":[{"taxonomy":"product_brand","embeddable":true,"href":"https:\/\/mandarinoart.pl\/index.php\/wp-json\/wp\/v2\/product_brand?post=4930"},{"taxonomy":"product_cat","embeddable":true,"href":"https:\/\/mandarinoart.pl\/index.php\/wp-json\/wp\/v2\/product_cat?post=4930"},{"taxonomy":"product_tag","embeddable":true,"href":"https:\/\/mandarinoart.pl\/index.php\/wp-json\/wp\/v2\/product_tag?post=4930"}],"curies":[{"name":"wp","href":"https:\/\/api.w.org\/{rel}","templated":true}]}}