{"id":218,"date":"2025-02-23T21:29:05","date_gmt":"2025-02-23T20:29:05","guid":{"rendered":"https:\/\/mandarinoart.pl\/?page_id=218"},"modified":"2025-07-05T19:06:19","modified_gmt":"2025-07-05T17:06:19","slug":"zwroty-2","status":"publish","type":"page","link":"https:\/\/mandarinoart.pl\/index.php\/zwroty-2\/","title":{"rendered":"Zwroty"},"content":{"rendered":"\t\t<div data-elementor-type=\"wp-page\" data-elementor-id=\"218\" class=\"elementor elementor-218\">\n\t\t\t\t<div class=\"elementor-element elementor-element-39a983e e-flex e-con-boxed e-con e-parent\" data-id=\"39a983e\" data-element_type=\"container\">\n\t\t\t\t\t<div class=\"e-con-inner\">\n\t\t\t\t<div class=\"elementor-element elementor-element-a85e3f8 elementor-widget elementor-widget-heading\" data-id=\"a85e3f8\" data-element_type=\"widget\" data-widget_type=\"heading.default\">\n\t\t\t\t<div class=\"elementor-widget-container\">\n\t\t\t\t\t<h2 class=\"elementor-heading-title elementor-size-default\">ZWROTY<\/h2>\t\t\t\t<\/div>\n\t\t\t\t<\/div>\n\t\t\t\t\t<\/div>\n\t\t\t\t<\/div>\n\t\t<div class=\"elementor-element elementor-element-30c8d3e e-flex e-con-boxed e-con e-parent\" data-id=\"30c8d3e\" data-element_type=\"container\">\n\t\t\t\t\t<div class=\"e-con-inner\">\n\t\t\t\t<div class=\"elementor-element elementor-element-a824648 elementor-widget elementor-widget-text-editor\" data-id=\"a824648\" data-element_type=\"widget\" data-widget_type=\"text-editor.default\">\n\t\t\t\t<div class=\"elementor-widget-container\">\n\t\t\t\t\t\t\t\t\t<p><span style=\"font-family: Times New Roman, serif;\"><span style=\"font-size: medium;\">Masz prawo do zwrotu towaru bez podania przyczyny w terminie 14 dni od odebrania przesy\u0142ki.<\/span><\/span><\/p><p><span style=\"font-family: Times New Roman, serif;\"><span style=\"font-size: medium;\">Zwracane produkty powinny by\u0107 nieu\u017cywane. Klient zobowi\u0105zany jest wys\u0142a\u0107 zwracany towar zabezpieczaj\u0105c go tak aby np. nie przemieszcza\u0142 si\u0119 on w \u015brodku paczki, a paczka bezpiecznie dotar\u0142a do nas.\u00a0<b>Koszty przesy\u0142ki pokrywa kupuj\u0105cy.<\/b>\u00a0<\/span><\/span><\/p><p><span style=\"font-family: Times New Roman, serif;\"><span style=\"font-size: medium;\">Po otrzymaniu paczki zweryfikujemy i zwr\u00f3cimy Ci kwot\u0119 r\u00f3wn\u0105 cenie zakupu, nie p\u00f3\u017aniej ni\u017c 14 dni od dnia otrzymania zwracanych produkt\u00f3w na konto bankowe nadawcy. W przypadku gdy towar b\u0119dzie uszkodzony, brudny mo\u017cemy odm\u00f3wi\u0107 przyj\u0119cia zwrotu lub zwr\u00f3ci\u0107 tylko cz\u0119\u015b\u0107 jego warto\u015bci.<\/span><\/span><\/p><p><span style=\"font-family: Times New Roman, serif;\"><span style=\"font-size: medium;\"><b>JAK ZWR\u00d3CI\u0106 TOWAR?<\/b><\/span><\/span><\/p><ol><li><p><span style=\"font-family: Times New Roman, serif;\"><span style=\"font-size: medium;\">Spakuj zwracane produkty oraz dobrze zabezpiecz paczk\u0119, tak aby nie uszkodzi\u0142a si\u0119 w transporcie.<\/span><\/span><\/p><\/li><li><p><span style=\"font-family: Times New Roman, serif;\"><span style=\"font-size: medium;\">Do paczki do\u0142\u0105cz wype\u0142niony formularz zwrotu (w linku poni\u017cej).<\/span><\/span><\/p><\/li><li><p><span style=\"font-family: Times New Roman, serif;\"><span style=\"font-size: medium;\">Paczk\u0119 wy\u015blij na adres, kt\u00f3ry podamy drog\u0105 mailow\u0105 &#8211; w pierwszej kolejno\u015bci skontaktuj si\u0119 z nami.<\/span><\/span><\/p><\/li><\/ol><p><span style=\"font-family: Times New Roman, serif;\"><span style=\"font-size: medium;\"><b>Nie przyjmujemy zwrot\u00f3w wysy\u0142anych za pobraniem!<\/b><\/span><\/span><\/p>\t\t\t\t\t\t\t\t<\/div>\n\t\t\t\t<\/div>\n\t\t\t\t\t<\/div>\n\t\t\t\t<\/div>\n\t\t<div class=\"elementor-element elementor-element-2e27636 e-flex e-con-boxed e-con e-parent\" data-id=\"2e27636\" data-element_type=\"container\">\n\t\t\t\t\t<div class=\"e-con-inner\">\n\t\t\t\t<div class=\"elementor-element elementor-element-8865b01 elementor-align-center elementor-widget elementor-widget-button\" data-id=\"8865b01\" data-element_type=\"widget\" data-widget_type=\"button.default\">\n\t\t\t\t<div class=\"elementor-widget-container\">\n\t\t\t\t\t\t\t\t\t<div class=\"elementor-button-wrapper\">\n\t\t\t\t\t<a class=\"elementor-button elementor-button-link elementor-size-sm\" href=\"https:\/\/furgonetka.pl\/zwrot\/#\">\n\t\t\t\t\t\t<span class=\"elementor-button-content-wrapper\">\n\t\t\t\t\t\t\t\t\t<span class=\"elementor-button-text\">Formularz zwrotu<\/span>\n\t\t\t\t\t<\/span>\n\t\t\t\t\t<\/a>\n\t\t\t\t<\/div>\n\t\t\t\t\t\t\t\t<\/div>\n\t\t\t\t<\/div>\n\t\t\t\t\t<\/div>\n\t\t\t\t<\/div>\n\t\t<div class=\"elementor-element elementor-element-340c732 e-flex e-con-boxed e-con e-parent\" data-id=\"340c732\" data-element_type=\"container\">\n\t\t\t\t\t<div class=\"e-con-inner\">\n\t\t\t\t<div class=\"elementor-element elementor-element-0b397a4 elementor-widget elementor-widget-heading\" data-id=\"0b397a4\" data-element_type=\"widget\" data-widget_type=\"heading.default\">\n\t\t\t\t<div class=\"elementor-widget-container\">\n\t\t\t\t\t<h2 class=\"elementor-heading-title elementor-size-default\">REKLAMACJE<\/h2>\t\t\t\t<\/div>\n\t\t\t\t<\/div>\n\t\t\t\t\t<\/div>\n\t\t\t\t<\/div>\n\t\t<div class=\"elementor-element elementor-element-5cd0449 e-flex e-con-boxed e-con e-parent\" data-id=\"5cd0449\" data-element_type=\"container\">\n\t\t\t\t\t<div class=\"e-con-inner\">\n\t\t\t\t<div class=\"elementor-element elementor-element-d714f90 elementor-widget elementor-widget-text-editor\" data-id=\"d714f90\" data-element_type=\"widget\" data-widget_type=\"text-editor.default\">\n\t\t\t\t<div class=\"elementor-widget-container\">\n\t\t\t\t\t\t\t\t\t<ol><li><p><span style=\"font-family: Times New Roman, serif;\"><span style=\"font-size: medium;\"><b>USZKODZONA PACZKA \/ WADY PRODUKTU<\/b><\/span><\/span><\/p><\/li><\/ol><p><span style=\"font-family: Times New Roman, serif;\"><span style=\"font-size: medium;\">Je\u015bli zamawiany przez Ciebie produkt dotar\u0142 uszkodzony \u2013 poinformuj nas od tym mailowo<\/span><\/span><b> <\/b><span style=\"color: #467886;\"><u><a href=\"mailto:mandarino.candle@onet.pl\"><span style=\"font-family: Times New Roman, serif;\"><span style=\"font-size: medium;\"><b>mandarino.candle@onet.pl<\/b><\/span><\/span><\/a><\/u><\/span><b> <\/b><span style=\"font-family: Times New Roman, serif;\"><span style=\"font-size: medium;\">\u00a0do\u0142\u0105czaj\u0105c zdj\u0119cia uszkodzonego towaru, numer zam\u00f3wienia oraz informacj\u0119 czy paczka w trakcie odbioru by\u0142a uszkodzona b\u0105d\u017a mia\u0142a \u015blady ingerencji os\u00f3b trzecich.<\/span><\/span><\/p><p><span style=\"font-family: Times New Roman, serif;\"><span style=\"font-size: medium;\">R\u00f3\u017cnice dotycz\u0105ce zdj\u0119\u0107 towar\u00f3w wynikaj\u0105ce z ustawie\u0144 komputera klienta (np. kolor lub proporcje) nie mog\u0105 by\u0107 podstaw\u0105 do reklamacji zakupionego towaru.<\/span><\/span><\/p><p><span style=\"font-family: Times New Roman, serif;\"><span style=\"font-size: medium;\">Klient odsy\u0142a towar na sw\u00f3j koszt.<\/span><\/span><\/p><ul><li><p><span style=\"font-family: Times New Roman, serif;\"><span style=\"font-size: medium;\">Czas rozpatrzenia reklamacji \u2013 14 (s\u0142ownie: czterna\u015bcie) dni od daty otrzymania przesy\u0142ki od Klienta<\/span><\/span><\/p><\/li><\/ul><ul><li><p><span style=\"font-family: Times New Roman, serif;\"><span style=\"font-size: medium;\">Czas realizacji reklamacji \u2013 czas rozpatrzenia reklamacji + czas niezb\u0119dny do naprawy\/wymiany produkt\u00f3w i ich dostawy oraz przeprowadzenia wewn\u0119trznych procedur<\/span><\/span><\/p><\/li><\/ul><ul><li><p><span style=\"font-family: Times New Roman, serif;\"><span style=\"font-size: medium;\">Je\u015bli reklamacja zostanie rozpatrzona w spos\u00f3b pozytywny w ci\u0105gu 7 dni od wys\u0142ania decyzji zrekompensujemy poniesione przez Ciebie koszty poprzez: wys\u0142anie nowego produktu, napraw\u0119 wadliwego produktu albo zwrot nale\u017cnych pieni\u0119dzy. Je\u015bli reklamacja zostanie rozpatrzona w spos\u00f3b negatywny, ode\u015blemy zareklamowany produkt na koszt klienta.<\/span><\/span><\/p><\/li><\/ul><ul><li><p><span style=\"font-family: Times New Roman, serif;\"><span style=\"font-size: medium;\">Gdy realizacja reklamacji wi\u0105\u017ce si\u0119 z wys\u0142aniem do klienta nowego towaru lub naprawienia uszkodzonego towaru koszty wysy\u0142ki pokrywa Sklep.<\/span><\/span><\/p><\/li><\/ul><ol start=\"2\"><li><p><span style=\"font-family: Times New Roman, serif;\"><span style=\"font-size: medium;\"><b>NIEKOMPLETNA PRZESY\u0141KA<\/b><\/span><\/span><\/p><\/li><\/ol><p><span style=\"font-family: Times New Roman, serif;\"><span style=\"font-size: medium;\">Je\u015bli podczas rozpakowywania paczki stwierdzisz, i\u017c brakuje w niej zamawianego produktu \u2013 skontaktuj si\u0119 z nami <\/span><\/span><span style=\"color: #467886;\"><u><a href=\"mailto:mandarino.candle@onet.pl\"><span style=\"font-family: Times New Roman, serif;\"><span style=\"font-size: medium;\"><b>mandarino.candle@onet.pl<\/b><\/span><\/span><\/a><\/u><\/span><b> <\/b><span style=\"font-family: Times New Roman, serif;\"><span style=\"font-size: medium;\">podaj\u0105c:<\/span><\/span><\/p><ul><li><p><span style=\"font-family: Times New Roman, serif;\"><span style=\"font-size: medium;\">numer Twojego zam\u00f3wienia,<\/span><\/span><\/p><\/li><li><p><span style=\"font-family: Times New Roman, serif;\"><span style=\"font-size: medium;\">zdj\u0119cie odebranej paczki i zawarto\u015bci,<\/span><\/span><\/p><\/li><li><p><span style=\"font-family: Times New Roman, serif;\"><span style=\"font-size: medium;\">informacj\u0119 czy paczka by\u0142a uszkodzona b\u0105d\u017a budzi\u0142a Tw\u00f3j niepok\u00f3j podczas odbioru<\/span><\/span><\/p><\/li><\/ul>\t\t\t\t\t\t\t\t<\/div>\n\t\t\t\t<\/div>\n\t\t\t\t\t<\/div>\n\t\t\t\t<\/div>\n\t\t\t\t<\/div>\n\t\t","protected":false},"excerpt":{"rendered":"<p>ZWROTY Masz prawo do zwrotu towaru bez podania przyczyny w terminie 14 dni od odebrania przesy\u0142ki. Zwracane produkty powinny by\u0107 [&hellip;]<\/p>\n","protected":false},"author":1,"featured_media":0,"parent":0,"menu_order":0,"comment_status":"closed","ping_status":"closed","template":"","meta":{"site-sidebar-layout":"no-sidebar","site-content-layout":"","ast-site-content-layout":"full-width-container","site-content-style":"default","site-sidebar-style":"default","ast-global-header-display":"","ast-banner-title-visibility":"","ast-main-header-display":"","ast-hfb-above-header-display":"","ast-hfb-below-header-display":"","ast-hfb-mobile-header-display":"","site-post-title":"disabled","ast-breadcrumbs-content":"","ast-featured-img":"disabled","footer-sml-layout":"","theme-transparent-header-meta":"","adv-header-id-meta":"","stick-header-meta":"","header-above-stick-meta":"","header-main-stick-meta":"","header-below-stick-meta":"","astra-migrate-meta-layouts":"default","ast-page-background-enabled":"default","ast-page-background-meta":{"desktop":{"background-color":"var(--ast-global-color-5)","background-image":"","background-repeat":"repeat","background-position":"center center","background-size":"auto","background-attachment":"scroll","background-type":"","background-media":"","overlay-type":"","overlay-color":"","overlay-opacity":"","overlay-gradient":""},"tablet":{"background-color":"","background-image":"","background-repeat":"repeat","background-position":"center center","background-size":"auto","background-attachment":"scroll","background-type":"","background-media":"","overlay-type":"","overlay-color":"","overlay-opacity":"","overlay-gradient":""},"mobile":{"background-color":"","background-image":"","background-repeat":"repeat","background-position":"center center","background-size":"auto","background-attachment":"scroll","background-type":"","background-media":"","overlay-type":"","overlay-color":"","overlay-opacity":"","overlay-gradient":""}},"ast-content-background-meta":{"desktop":{"background-color":"var(--ast-global-color-4)","background-image":"","background-repeat":"repeat","background-position":"center center","background-size":"auto","background-attachment":"scroll","background-type":"","background-media":"","overlay-type":"","overlay-color":"","overlay-opacity":"","overlay-gradient":""},"tablet":{"background-color":"var(--ast-global-color-4)","background-image":"","background-repeat":"repeat","background-position":"center center","background-size":"auto","background-attachment":"scroll","background-type":"","background-media":"","overlay-type":"","overlay-color":"","overlay-opacity":"","overlay-gradient":""},"mobile":{"background-color":"var(--ast-global-color-4)","background-image":"","background-repeat":"repeat","background-position":"center center","background-size":"auto","background-attachment":"scroll","background-type":"","background-media":"","overlay-type":"","overlay-color":"","overlay-opacity":"","overlay-gradient":""}},"footnotes":""},"class_list":["post-218","page","type-page","status-publish","hentry"],"yoast_head":"<!-- This site is optimized with the Yoast SEO plugin v26.5 - https:\/\/yoast.com\/wordpress\/plugins\/seo\/ -->\n<title>Zwroty - Mandarino Art<\/title>\n<meta name=\"description\" content=\"Regulamin zwrot\u00f3w w sklepie internetowym Mandarino ArtDecor.\" \/>\n<meta name=\"robots\" content=\"index, follow, max-snippet:-1, max-image-preview:large, max-video-preview:-1\" \/>\n<link rel=\"canonical\" href=\"https:\/\/mandarinoart.pl\/index.php\/zwroty-2\/\" \/>\n<meta property=\"og:locale\" content=\"pl_PL\" \/>\n<meta property=\"og:type\" content=\"article\" \/>\n<meta property=\"og:title\" content=\"Zwroty - Mandarino Art\" \/>\n<meta property=\"og:description\" content=\"Regulamin zwrot\u00f3w w sklepie internetowym Mandarino ArtDecor.\" \/>\n<meta property=\"og:url\" content=\"https:\/\/mandarinoart.pl\/index.php\/zwroty-2\/\" \/>\n<meta property=\"og:site_name\" content=\"Mandarino Art\" \/>\n<meta property=\"article:publisher\" content=\"https:\/\/www.facebook.com\/profile.php?id=61553468730793\" \/>\n<meta property=\"article:modified_time\" content=\"2025-07-05T17:06:19+00:00\" \/>\n<meta name=\"twitter:card\" content=\"summary_large_image\" \/>\n<meta name=\"twitter:label1\" content=\"Szacowany czas czytania\" \/>\n\t<meta name=\"twitter:data1\" content=\"3 minuty\" \/>\n<script type=\"application\/ld+json\" class=\"yoast-schema-graph\">{\"@context\":\"https:\/\/schema.org\",\"@graph\":[{\"@type\":\"WebPage\",\"@id\":\"https:\/\/mandarinoart.pl\/index.php\/zwroty-2\/\",\"url\":\"https:\/\/mandarinoart.pl\/index.php\/zwroty-2\/\",\"name\":\"Zwroty - Mandarino Art\",\"isPartOf\":{\"@id\":\"https:\/\/mandarinoart.pl\/#website\"},\"datePublished\":\"2025-02-23T20:29:05+00:00\",\"dateModified\":\"2025-07-05T17:06:19+00:00\",\"description\":\"Regulamin zwrot\u00f3w w sklepie internetowym Mandarino ArtDecor.\",\"breadcrumb\":{\"@id\":\"https:\/\/mandarinoart.pl\/index.php\/zwroty-2\/#breadcrumb\"},\"inLanguage\":\"pl-PL\",\"potentialAction\":[{\"@type\":\"ReadAction\",\"target\":[\"https:\/\/mandarinoart.pl\/index.php\/zwroty-2\/\"]}]},{\"@type\":\"BreadcrumbList\",\"@id\":\"https:\/\/mandarinoart.pl\/index.php\/zwroty-2\/#breadcrumb\",\"itemListElement\":[{\"@type\":\"ListItem\",\"position\":1,\"name\":\"Strona g\u0142\u00f3wna\",\"item\":\"https:\/\/mandarinoart.pl\/\"},{\"@type\":\"ListItem\",\"position\":2,\"name\":\"Zwroty\"}]},{\"@type\":\"WebSite\",\"@id\":\"https:\/\/mandarinoart.pl\/#website\",\"url\":\"https:\/\/mandarinoart.pl\/\",\"name\":\"Mandarino Art Decor\",\"description\":\"\",\"publisher\":{\"@id\":\"https:\/\/mandarinoart.pl\/#organization\"},\"potentialAction\":[{\"@type\":\"SearchAction\",\"target\":{\"@type\":\"EntryPoint\",\"urlTemplate\":\"https:\/\/mandarinoart.pl\/?s={search_term_string}\"},\"query-input\":{\"@type\":\"PropertyValueSpecification\",\"valueRequired\":true,\"valueName\":\"search_term_string\"}}],\"inLanguage\":\"pl-PL\"},{\"@type\":\"Organization\",\"@id\":\"https:\/\/mandarinoart.pl\/#organization\",\"name\":\"Mandarino Art Decor\",\"url\":\"https:\/\/mandarinoart.pl\/\",\"logo\":{\"@type\":\"ImageObject\",\"inLanguage\":\"pl-PL\",\"@id\":\"https:\/\/mandarinoart.pl\/#\/schema\/logo\/image\/\",\"url\":\"https:\/\/mandarinoart.pl\/wp-content\/uploads\/2025\/02\/cropped-Logo_transparent.png\",\"contentUrl\":\"https:\/\/mandarinoart.pl\/wp-content\/uploads\/2025\/02\/cropped-Logo_transparent.png\",\"width\":591,\"height\":197,\"caption\":\"Mandarino Art Decor\"},\"image\":{\"@id\":\"https:\/\/mandarinoart.pl\/#\/schema\/logo\/image\/\"},\"sameAs\":[\"https:\/\/www.facebook.com\/profile.php?id=61553468730793\",\"https:\/\/www.instagram.com\/Mandarino_Candle\/?fbclid=IwY2xjawIoRQZleHRuA2FlbQIxMAABHV0lW5lNE7hJxvGNQtw42Ns1dw_Ll4G4YQ9LZaRsOkieykrFA3lNfCyS3g_aem_Nx9Tw7e5op2DlxHJ5Bc5Lg#\"]}]}<\/script>\n<!-- \/ Yoast SEO plugin. -->","yoast_head_json":{"title":"Zwroty - Mandarino Art","description":"Regulamin zwrot\u00f3w w sklepie internetowym Mandarino ArtDecor.","robots":{"index":"index","follow":"follow","max-snippet":"max-snippet:-1","max-image-preview":"max-image-preview:large","max-video-preview":"max-video-preview:-1"},"canonical":"https:\/\/mandarinoart.pl\/index.php\/zwroty-2\/","og_locale":"pl_PL","og_type":"article","og_title":"Zwroty - Mandarino Art","og_description":"Regulamin zwrot\u00f3w w sklepie internetowym Mandarino ArtDecor.","og_url":"https:\/\/mandarinoart.pl\/index.php\/zwroty-2\/","og_site_name":"Mandarino Art","article_publisher":"https:\/\/www.facebook.com\/profile.php?id=61553468730793","article_modified_time":"2025-07-05T17:06:19+00:00","twitter_card":"summary_large_image","twitter_misc":{"Szacowany czas czytania":"3 minuty"},"schema":{"@context":"https:\/\/schema.org","@graph":[{"@type":"WebPage","@id":"https:\/\/mandarinoart.pl\/index.php\/zwroty-2\/","url":"https:\/\/mandarinoart.pl\/index.php\/zwroty-2\/","name":"Zwroty - Mandarino Art","isPartOf":{"@id":"https:\/\/mandarinoart.pl\/#website"},"datePublished":"2025-02-23T20:29:05+00:00","dateModified":"2025-07-05T17:06:19+00:00","description":"Regulamin zwrot\u00f3w w sklepie internetowym Mandarino ArtDecor.","breadcrumb":{"@id":"https:\/\/mandarinoart.pl\/index.php\/zwroty-2\/#breadcrumb"},"inLanguage":"pl-PL","potentialAction":[{"@type":"ReadAction","target":["https:\/\/mandarinoart.pl\/index.php\/zwroty-2\/"]}]},{"@type":"BreadcrumbList","@id":"https:\/\/mandarinoart.pl\/index.php\/zwroty-2\/#breadcrumb","itemListElement":[{"@type":"ListItem","position":1,"name":"Strona g\u0142\u00f3wna","item":"https:\/\/mandarinoart.pl\/"},{"@type":"ListItem","position":2,"name":"Zwroty"}]},{"@type":"WebSite","@id":"https:\/\/mandarinoart.pl\/#website","url":"https:\/\/mandarinoart.pl\/","name":"Mandarino Art Decor","description":"","publisher":{"@id":"https:\/\/mandarinoart.pl\/#organization"},"potentialAction":[{"@type":"SearchAction","target":{"@type":"EntryPoint","urlTemplate":"https:\/\/mandarinoart.pl\/?s={search_term_string}"},"query-input":{"@type":"PropertyValueSpecification","valueRequired":true,"valueName":"search_term_string"}}],"inLanguage":"pl-PL"},{"@type":"Organization","@id":"https:\/\/mandarinoart.pl\/#organization","name":"Mandarino Art Decor","url":"https:\/\/mandarinoart.pl\/","logo":{"@type":"ImageObject","inLanguage":"pl-PL","@id":"https:\/\/mandarinoart.pl\/#\/schema\/logo\/image\/","url":"https:\/\/mandarinoart.pl\/wp-content\/uploads\/2025\/02\/cropped-Logo_transparent.png","contentUrl":"https:\/\/mandarinoart.pl\/wp-content\/uploads\/2025\/02\/cropped-Logo_transparent.png","width":591,"height":197,"caption":"Mandarino Art Decor"},"image":{"@id":"https:\/\/mandarinoart.pl\/#\/schema\/logo\/image\/"},"sameAs":["https:\/\/www.facebook.com\/profile.php?id=61553468730793","https:\/\/www.instagram.com\/Mandarino_Candle\/?fbclid=IwY2xjawIoRQZleHRuA2FlbQIxMAABHV0lW5lNE7hJxvGNQtw42Ns1dw_Ll4G4YQ9LZaRsOkieykrFA3lNfCyS3g_aem_Nx9Tw7e5op2DlxHJ5Bc5Lg#"]}]}},"_links":{"self":[{"href":"https:\/\/mandarinoart.pl\/index.php\/wp-json\/wp\/v2\/pages\/218","targetHints":{"allow":["GET"]}}],"collection":[{"href":"https:\/\/mandarinoart.pl\/index.php\/wp-json\/wp\/v2\/pages"}],"about":[{"href":"https:\/\/mandarinoart.pl\/index.php\/wp-json\/wp\/v2\/types\/page"}],"author":[{"embeddable":true,"href":"https:\/\/mandarinoart.pl\/index.php\/wp-json\/wp\/v2\/users\/1"}],"replies":[{"embeddable":true,"href":"https:\/\/mandarinoart.pl\/index.php\/wp-json\/wp\/v2\/comments?post=218"}],"version-history":[{"count":7,"href":"https:\/\/mandarinoart.pl\/index.php\/wp-json\/wp\/v2\/pages\/218\/revisions"}],"predecessor-version":[{"id":4456,"href":"https:\/\/mandarinoart.pl\/index.php\/wp-json\/wp\/v2\/pages\/218\/revisions\/4456"}],"wp:attachment":[{"href":"https:\/\/mandarinoart.pl\/index.php\/wp-json\/wp\/v2\/media?parent=218"}],"curies":[{"name":"wp","href":"https:\/\/api.w.org\/{rel}","templated":true}]}}